g(l) = 8*l**3 + 1776*l**2 + 39*l + 8686. What is g(-222)?
28
Let h(a) = 2333*a + 102804. What is h(-44)?
152
Let y(i) = -i**3 + 315*i**2 + 2575*i - 33. Calculate y(-8).
39
Let h(g) = 39*g**2 + 456*g + 7. Give h(0).
7
Let w(k) = 4*k**2 + 375*k + 3690. Give w(-12).
-234
Let u(v) = 2*v**3 - 179*v**2 + 182*v - 4. Give u(1).
1
Let x(m) = -1839*m + 470798. Give x(256).
14
Let l(q) = -q**2 + 39385*q - 1534493. Determine l(39).
1
Let a(m) = -m**3 - 25*m**2 + 669*m - 1347. Calculate a(-42).
543
Let r(j) = -j**3 - 24*j**2 + 9051*j + 250289. Calculate r(-28).
-3
Let f(a) = -103726*a - 3. What is f(0)?
-3
Let z(j) = -96*j**2 + 1782*j - 5361. What is z(3)?
-879
Let r(p) = 81227*p + 1380867. Determine r(-17).
8
Let s(v) = -259*v**2 - 2463*v + 20. What is s(-9)?
1208
Let l(w) = w**3 - 29*w**2 - 11831*w + 6327. What is l(124)?
3
Let x(h) = h**2 + 164*h - 7588. Give x(38).
88
Let z(s) = -s**2 - 705*s + 430021. What is z(392)?
-3
Let i(v) = -20*v**2 - 3120*v + 16088. Calculate i(-161).
-12
Let x(f) = -25*f**3 + 18*f**2 + 18*f - 2. Determine x(-3).
781
Let z(s) = -185*s**2 - 7335*s + 137. Give z(-40).
-2463
Let g(l) = 2324*l + 11623. What is g(-5)?
3
Let y(d) = -2330*d + 102542. Determine y(44).
22
Let h(m) = 197*m - 49509. Calculate h(253).
332
Let k(s) = 414*s**2 + 508814*s + 9840. Give k(-1229).
8
Let c(p) = 2*p**3 + 544*p**2 - 1492*p + 43450. Give c(-275).
0
Let y(x) = 18984*x - 1689379. Determine y(89).
197
Let f(j) = -8*j**3 + 25*j**2 + 300*j + 26. Determine f(8).
-70
Let c(o) = -15*o**2 - 5096*o - 39855. What is c(-8)?
-47
Let u(b) = b**2 - 1515*b - 358483. Give u(-208).
-99
Let h(n) = 9355*n + 1805571. Give h(-193).
56
Let w(f) = -f**3 + 126*f**2 + 1234*f - 2563. Give w(135).
2
Let b(v) = -v**2 + 2651*v + 107586. Give b(-40).
-54
Let v(r) = 434*r**2 - 899*r + 76. What is v(2)?
14
Let u(v) = -1379*v - 222179. Give u(-161).
-160
Let h(p) = -p**3 + 130*p**2 - 3769*p - 1279. Determine h(86).
11
Let d(z) = 10*z**2 + 1636*z - 1637. Determine d(1).
9
Let r(v) = -33674*v + 2256160. What is r(67)?
2
Let u(w) = 2625*w - 20680. Determine u(8).
320
Let q(y) = -2*y**2 + 25*y - 34. Determine q(24).
-586
Let h(k) = -4*k**3 - 3*k**2 - 15*k - 254. Calculate h(-7).
1076
Let s(b) = -14*b**3 + 1510*b**2 - 1273*b - 1156. Calculate s(107).
21
Let r(l) = 3*l**3 + 238*l**2 + 74*l + 61. Give r(-79).
456
Let j(y) = 617*y + 39562. What is j(-65)?
-543
Let t(s) = 33115*s + 364721. Calculate t(-11).
456
Let b(g) = 2735*g + 998252. Calculate b(-365).
-23
Let m(j) = -288*j - 4290. Give m(-15).
30
Let c(h) = 20363*h - 81469. Determine c(4).
-17
Let x(o) = 15*o**3 - 2290*o + 6878. Calculate x(3).
413
Let o(n) = 28*n**2 - 1620*n + 8119. Give o(5).
719
Let o(x) = 4*x**3 - 5*x**2 + 60*x + 5. Calculate o(0).
5
Let w(t) = t**2 - 482*t - 4172. Give w(-9).
247
Let h(c) = -20*c**2 + 991*c - 12146. Give h(22).
-24
Let t(k) = -k**3 - 75*k**2 - 507*k + 1935. What is t(-67)?
-8
Let w(l) = -l**2 - 1293*l - 12844. Determine w(-10).
-14
Let u(h) = 2*h**2 + 72*h - 12807. Determine u(64).
-7
Let o(t) = t**3 - 11*t**2 + 51*t + 255. Calculate o(9).
552
Let a(s) = -3758*s + 57016. Determine a(16).
-3112
Let q(o) = -o**3 - 84*o**2 - 166*o - 378. Determine q(-82).
-214
Let h(i) = i**2 - 895*i + 24306. What is h(28)?
30
Let h(q) = -q**3 + 16*q**2 - 943*q + 11816. Calculate h(13).
64
Let z(h) = 7859*h - 251482. Give z(32).
6
Let h(g) = -2*g**3 - 104*g**2 - 1350*g - 187. Calculate h(-28).
-19
Let r(n) = -400*n**2 + 8398*n - 63. Determine r(21).
-105
Let i(l) = 1953*l**2 + 107348*l + 52. Give i(-55).
3737
Let p(n) = -3556*n - 7072. Calculate p(-2).
40
Let r(b) = 49381*b + 98736. Determine r(-2).
-26
Let k(c) = 20544*c + 20632. Determine k(-1).
88
Let h(q) = 20715*q - 20404279. What is h(985)?
-4
Let k(a) = 2*a**2 + 420*a - 11764. Calculate k(25).
-14
Let i(a) = 1838*a + 1545767. Calculate i(-841).
9
Let g(s) = 67*s**3 - 13*s**2 - 62*s - 17. Give g(-4).
-4265
Let l(s) = -s**2 + 7344*s - 602663. What is l(83)?
0
Let k(j) = -j**3 - 1848*j**2 - 16546*j + 35. What is k(-9)?
-10
Let l(w) = 4*w**2 - 633*w - 1008. Give l(159).
-531
Let j(o) = -802*o**2 + 457*o - 6. Give j(1).
-351
Let p(f) = -674*f + 3743. Determine p(3).
1721
Let m(d) = -351*d - 17004. Determine m(-49).
195
Let f(z) = -z**2 - 8668*z - 77823. Calculate f(-9).
108
Let g(z) = 9*z - 2547. Determine g(-54).
-3033
Let f(a) = 149*a**3 - 147*a**2 - 6*a + 12. Calculate f(1).
8
Let g(r) = 2*r**3 - 14*r**2 - 30*r + 98. What is g(8)?
-14
Let p(m) = 32*m**2 + 268*m + 50. Give p(-9).
230
Let t(n) = -485*n - 38414. Give t(-77).
-1069
Let h(b) = -62*b**2 - 170*b - 516. Calculate h(-3).
-564
Let o(d) = -125*d - 1918. Give o(-18).
332
Let r(d) = 2754*d + 168000. Determine r(-61).
6
Let x(g) = g**3 + 283*g**2 - 2627*g + 14. Determine x(9).
23
Let f(s) = s**3 + 4*s**2 - 381*s - 1840. What is f(-5)?
40
Let s(y) = -4492*y + 27499. Give s(6).
547
Let d(w) = 1045*w**2 + 11633*w + 1485. Give d(-11).
-33
Let u(q) = -70*q**2 + 7*q + 2958. Give u(0).
2958
Let m(b) = -7*b**3 + 2189*b**2 + 633*b - 2197. Calculate m(313).
-6
Let i(p) = -18990*p**2 + 132934*p - 34. Determine i(7).
-6
Let v(n) = -3071404*n + 24571225. Calculate v(8).
-7
Let q(u) = -127*u - 13685. Determine q(-105).
-350
Let l(q) = q**3 - 121*q**2 + 2782*q - 4760. Give l(91).
-28
Let b(h) = 3*h**2 - 107*h + 261. What is b(45)?
1521
Let p(y) = 4*y**3 - 13*y**2 - 199*y + 645. Calculate p(7).
-13
Let p(i) = i**2 + 446*i - 46913. What is p(88)?
79
Let i(f) = 4*f**3 - 5*f**2 - 1092*f - 3289. What is i(-3)?
-166
Let k(d) = 18*d**2 - 25*d + 1608. Calculate k(15).
5283
Let z(f) = -1480*f + 3444. What is z(3)?
-996
Let s(u) = 950*u - 7061. What is s(7)?
-411
Let t(g) = g**3 - 45*g**2 + 218*g + 138. Calculate t(38).
-1686
Let h(q) = -2*q**2 - 3447*q + 27844. Give h(8).
140
Let f(t) = t**3 - 70*t**2 - 20962*t + 44. Give f(184).
2620
Let b(o) = o**2 - 82*o - 9538. Give b(-65).
17
Let y(p) = 2*p**2 + 799*p + 54816. What is y(-88)?
-8
Let q(s) = -1757*s + 12206. Determine q(8).
-1850
Let n(h) = -9*h**2 + 3209*h - 17554. Determine n(351).
-4
Let f(h) = -450*h - 89473. Determine f(-199).
77
Let i(j) = -17*j**3 - 6*j + 7. Calculate i(1).
-16
Let d(s) = -31795*s + 5309760. Give d(167).
-5
Let u(s) = s**3 - 27*s**2 - 121*s + 614. Give u(30).
-316
Let k(a) = -226*a - 26342. Give k(-116).
-126
Let f(p) = -7*p**3 + 2940*p**2 + 22*p - 9283. What is f(420)?
-43
Let z(j) = -3*j**3 + 42*j**2 + 187*j - 543. Give z(2).
-25
Let u(b) = 40585*b + 2435120. What is u(-60)?
20
Let j(y) = -y**3 - 214*y**2 + 2743*y + 7006. Give j(-226).
0
Let y(r) = -9617*r - 634727. What is y(-66)?
-5
Let q(l) = -l**2 + 68582*l + 823130. What is q(-12)?
2
Let a(n) = 13325*n - 39956. What is a(3)?
19
Let i(a) = -2380*a + 97590. Determine i(41).
10
Let j(n) = -489*n**2 + 3902*n + 84. Give j(8).
4
Let u(p) = -p**2 - 318*p + 66022. What is u(143)?
99
Let l(f) = -499*f + 20685. Calculate l(42).
-273
Let i(g) = 485*g - 7669. What is i(16)?
91
Let q(h) = 2*h**3 - 58*h**2 + 82*h - 192. What is q(29)?
2186
Let z(o) = -175*o**2 - 385*o - 232. Calculate z(-1).
-22
Let i(j) = 169672*j - 10180330. Calculate i(60).
-10
Let g(n) = -8*n**2 - 3706*n - 4619. Calculate g(-462).
1
Let k(s) = -4*s**2 + 408*s - 6129. What is k(16)?
-625
Let t(j) = -4*j**3 + 44*j**2 + 6*j - 72. What is t(11)?
-6
Let p(g) = -111*g**2 - 1131*g - 2419. Give p(-3).
-25
Let u(w) = -2057*w - 402969. Determine u(-196).
203
Let v(o) = -19103*o + 114622. Give v(6).
4
Let k(b) = -875*b - 12246. What is k(-13)?
-871
Let t(p) = 108*p**2 - 1370*p - 72378. Calculate t(33).
24
Let y(d) = -840*d + 7030. Determine y(8).
310
Let o(l) = -2*l**3 - 5*l**2 - 73*l - 774. Determine o(-7).
178
Let a(n) = -2193*n**2 - 107458*n + 12. Give a(-49).
61
Let f(h) = 13973*h + 167550. What is f(-12)?
-126
Let i(s) = -s**3 - 44*s**2 - 352*s - 4697. What is i(-38)?
15
Let i(x) = x**3 + 16*x**2 + 407*x + 3841. Determine i(-11).
-31
Let r(t) = t**2 - 774*t + 15771. Determine r(21).
-42
Let v(z) = 4*z**3 + 649*z**2 - 8931*z - 1061. Give v(-175).
-11
Let w(o) = 2*o**3 - 3*o**2 + 181*o - 981. Give w(5).
99
Let i(y) = 16*y**2 + 1437*y - 3226. Calculate i(-92).
-6
Let w(i) = -19*i**2 + 322*i - 33. Give w(17).
-50
Let h(i) = -7*i**2 - 1629*i + 4951. Give h(3).
1
Let j(t) = -943*t - 291419. Calculate j(-309).
-32
Let j(o) = o**3 - 107*o**2 - 9*o - 